er?
False
Is 24784267 composite?
False
Is 13005299 a composite number?
True
Is 21808043 prime?
False
Is 201691619 composite?
False
Is 4776977 a composite number?
False
Is 370631 a composite number?
False
Is 75908951 prime?
True
Is 57463 composite?
True
Is 112237339 a composite number?
False
Is 29133697 a composite number?
False
Is 1450887 composite?
True
Is 5266109 prime?
True
Is 16118717 a composite number?
True
Is 2722219 a prime number?
True
Is 29280145 a composite number?
True
Is 5477081 prime?
True
Is 95043215 prime?
False
Is 486433 composite?
False
Is 10537663 a prime number?
True
Is 46625701 a composite number?
True
Is 71750431 a prime number?
False
Is 6933869 a composite number?
False
Is 11302255 a composite number?
True
Is 51407519 a prime number?
False
Is 14465246 a prime number?
False
Is 245237221 a prime number?
False
Is 2621603 a prime number?
True
Is 8464171 a prime number?
False
Is 6948519 a composite number?
True
Is 4738765 a composite number?
True
Is 13733491 a prime number?
True
Is 2268829 prime?
True
Is 11108657 prime?
False
Is 19533827 a prime number?
True
Is 802877849 a prime number?
True
Is 51842113 composite?
True
Is 1022341 prime?
True
Is 89293753 prime?
False
Is 2723627 composite?
False
Is 1947046 prime?
False
Is 134349883 a prime number?
True
Is 4262759 composite?
True
Is 52044983 a prime number?
True
Is 139410943 prime?
False
Is 15011903 a composite number?
False
Is 46682791 composite?
True
Is 9391729 a prime number?
False
Is 91564829 composite?
False
Is 95288341 composite?
False
Is 29595659 composite?
False
Is 2114029 prime?
False
Is 117979327 prime?
False
Is 118317829 composite?
True
Is 10362281 a composite number?
False
Is 1456753 composite?
True
Is 6114019 a prime number?
True
Is 1820141 composite?
True
Is 21755471 prime?
True
Is 3837851 composite?
False
Is 125579749 composite?
False
Is 29521439 composite?
False
Is 80249303 composite?
False
Is 3321597 a prime number?
False
Is 38020583 a composite number?
False
Is 5771879 a composite number?
False
Is 1301917 prime?
False
Is 369479 a composite number?
True
Is 3704341 composite?
False
Is 525899 prime?
False
Is 238161667 composite?
True
Is 29879519 composite?
False
Is 935243 composite?
False
Is 1934885 prime?
False
Is 149333 a prime number?
True
Is 165670783 a composite number?
False
Is 58672469 a composite number?
False
Is 6054371 a composite number?
True
Is 464485519 a prime number?
False
Is 560617 a prime number?
True
Is 15031537 prime?
False
Is 1508093 a prime number?
True
Is 3765079 a composite number?
False
Is 562480273 composite?
False
Is 67151561 a composite number?
False
Is 109121633 a prime number?
True
Is 84049673 composite?
True
Is 8152303 a prime number?
True
Is 1582666433 a composite number?
False
Is 971039 a composite number?
False
Is 3811009 prime?
False
Is 224083423 a prime number?
True
Is 4314743 prime?
False
Is 253223647 prime?
True
Is 508414 prime?
False
Is 23259337 composite?
True
Is 2429333 composite?
False
Is 23569867 a composite number?
False
Is 39609527 prime?
False
Is 72956569 composite?
True
Is 35961577 prime?
True
Is 27910453 composite?
False
Is 22529566 a prime number?
False
Is 6944677 composite?
True
Is 44246185 composite?
True
Is 33178451 composite?
False
Is 15797282 a composite number?
True
Is 149026859 a prime number?
True
Is 48824803 prime?
True
Is 60812593 a composite number?
False
Is 84074369 composite?
True
Is 439422149 prime?
True
Is 4269071 a prime number?
True
Is 9575927 a prime number?
False
Is 84259001 a prime number?
False
Is 130513 prime?
True
Is 77798047 a prime number?
True
Is 360599827 prime?
False
Is 12714659 a prime number?
True
Is 24579602 composite?
True
Is 112232515 a prime number?
False
Is 2277607 composite?
False
Is 17605771 a composite number?
False
Is 344111 a prime number?
True
Is 21753257 composite?
False
Is 4020541 a prime number?
False
Is 163161599 a composite number?
True
Is 127103879 a prime number?
False
Is 48758023 a prime number?
False
Is 193701317 a prime number?
False
Is 5086219 a composite number?
False
Is 45356177 prime?
True
Is 12289967 composite?
True
Is 121243 a prime number?
False
Is 655305815 prime?
False
Is 47604067 prime?
False
Is 8588359 a composite number?
True
Is 6073321 a composite number?
False
Is 662971 a prime number?
False
Is 5113769 a composite number?
False
Is 2385871 a prime number?
False
Is 17021629 a prime number?
False
Is 21142013 a composite number?
True
Is 1697939 composite?
True
Is 20540209 prime?
True
Is 25515901 a composite number?
True
Is 28770917 prime?
False
Is 6136517 prime?
True
Is 2001271 a composite number?
True
Is 531925309 a prime number?
True
Is 896549 a prime number?
True
Is 218752801 a prime number?
False
Is 7409033 a composite number?
True
Is 1344569 prime?
True
Is 22968689 prime?
True
Is 24399917 a composite number?
False
Is 59587441 a prime number?
False
Is 1104977 a prime number?
False
Is 6043001 composite?
False
Is 12742133 prime?
True
Is 27845057 a composite number?
False
Is 31165807 prime?
False
Is 4480681 composite?
False
Is 20455051 composite?
False
Is 7162391 composite?
True
Is 13395587 composite?
True
Is 1526741 a composite number?
False
Is 35261209 prime?
True
Is 1421813 a prime number?
True
Is 8714819 a prime number?
False
Is 456009 a composite number?
True
Is 13184597 a prime number?
True
Is 2866315 a composite number?
True
Is 6889507 a prime number?
False
Is 12134663 a prime number?
True
Is 2059147 prime?
False
Is 223129 a prime number?
True
Is 4439489 a prime number?
False
Is 23461889 prime?
False
Is 3416911 prime?
False
Is 16295107 a composite number?
False
Is 73761889 composite?
False
Is 17828827 composite?
False
Is 74876533 a composite number?
True
Is 2583353 prime?
True
Is 35756839 prime?
True
Is 718379 prime?
True
Is 9121279 prime?
True
Is 205339 composite?
False
Is 3315317 composite?
False
Is 12202171 composite?
False
Is 10865711 composite?
False
Is 97993823 composite?
True
Is 8074673 prime?
False
Is 84262799 a prime number?
True
Is 11796439 composite?
False
Is 2782709 a composite number?
False
Is 11159111 a composite number?
True
Is 192958873 a composite number?
False
Is 32061283 composite?
True
Is 128281273 a prime number?
False
Is 23649293 a composite number?
True
Is 17076287 a prime number?
True
Is 1003679 prime?
True
Is 199249 composite?
True
Is 7915351 a composite number?
False
Is 164305411 prime?
True
Is 173745547 a composite number?
False
Is 7466631 prime?
False
Is 2721 composite?
True
Is 186551 prime?
True
Is 82806109 a prime number?
True
Is 63291847 a composite number?
True
Is 18259973 prime?
True
Is 6293359 composite?
False
Is 27477623 a prime number?
True
Is 3582879 a composite number?
True
Is 883837 prime?
False
Is 177623 a prime number?
True
Is 19968121 prime?
False
Is 1163963 composite?
True
Is 12079901 composite?
True
Is 4820731 composite?
True
Is 174608321 composite?
False
Is 3556389 prime?
False
Is 3388037 a prime number?
True
Is 517765 a composite number?
True
Is 23232722 prime?
False
Is 132900643 a prime number?
True
Is 40231 a composite number?
False
Is 9784387 a prime number?
False
Is 144678253 prime?
True
Is 18260951 a prime number?
True
Is 19118857 a composite number?
True
Is 201254647 composite?
True
Is 655021 a composite number?
False
Is 4953391 a prime number?
True
Is 2100289 prime?
False
Is 3116381 composite?
False
Is 71210521 composite?
True
Is 3508273 prime?
False
Is 44013895 prime?
False
Is 106566631 prime?
True
Is 5320999 a prime number?
True
Is 84992143 composite?
False
Is 57009133 a composite number?
False
Is 9844811 composite?
False
Is 1417573 composite?
False
Is 58916761 composite?
True
Is 80053417 a composite number?
True
Is 2820733 a prime number?
True
Is 5173197 a prime number?
False
Is 6267971 a prime number?
True
Is 40517311 a prime number?
False
Is 7437887 a prime number?
True
Is 1704139 prime?
False
Is 56858293 a composite number?
True
Is 4767127 a prime number?
False
Is 6865643 a prime number?
True
Is 12266171 prime?
True
Is 137755379 prime?
False
Is 2897569 a prime number?
False
Is 49006127 a prime number?
False
Is 421717289 a composite number?
True
Is 11501167 a prime number?
False
Is 82290623 prime?
False
Is 106921667 a prime number?
True
Is 95198353 prime?
True
Is 450889531 composite?
Fal